s digit of n?
5
Suppose -2*t + 4*o + 24 = 0, 2*t + 3*o + 0 = -4. Suppose -5*g - t = -14. What is the units digit of 0 - g - 28/(-4)?
5
Let o(x) = x**2 + 13*x + 32. What is the hundreds digit of o(-18)?
1
What is the tens digit of 1/(-1) + 79 + -1?
7
Suppose c - 341 = -3*w, 2*c = -5*w + 5*c + 559. What is the units digit of w?
3
Suppose -2*x - 3*n + 32 = -2*n, x - 11 = -3*n. Let p = x - 4. What is the tens digit of p?
1
Let w = 63 + -43. What is the units digit of w?
0
Suppose 4*j + 0*j = 84. Suppose -z = 2*z - j. Let i = z + -4. What is the units digit of i?
3
Let r = 4 - 7. Let g(j) = -j**2 - 3*j + 1. Let n be g(r). Suppose 3*m - 10 = -n, -5*d - 4*m = -87. What is the tens digit of d?
1
Let v be (-17)/(-5) - (-4)/(-10). What is the units digit of 1/v*54/6?
3
Suppose 2*n - 3 = n. Suppose 0*m + 12 = n*m. Suppose d = m*g - 8 + 1, 0 = 2*d + g - 22. What is the units digit of d?
9
What is the units digit of (-1644)/(-10) - (0 - 12/20)?
5
Let m(o) = -3*o**3 - 2*o**2 + o + 4. What is the units digit of m(-2)?
8
Let m = -148 - -471. What is the tens digit of m?
2
Suppose 0 = 4*y + 1 - 53. Let k = 26 - y. What is the units digit of k?
3
What is the units digit of 35 - -1 - (-5 - -9)?
2
Let s(d) = d**3 + 12*d**2 + 13*d - 3. What is the units digit of s(-8)?
9
Suppose 0 = -3*y + y + 8. Let d be (3 + 2)/(2/y). Let g = d - 7. What is the units digit of g?
3
Let j(i) = 50*i - 1. Let l be j(2). Let c = 139 - l. What is the units digit of c?
0
Let n be -8 - (-2 + 4)*1. Let b(j) = -3 - 2 + j**2 + 0 + 9*j. What is the units digit of b(n)?
5
What is the tens digit of ((-52)/(-6))/((-20)/(-30))?
1
Let z = -137 - -395. What is the hundreds digit of z?
2
Let a = 10 - 8. Suppose 0 = i - 3*t - 49, a*i + 3*t - 196 = -2*i. What is the tens digit of i?
4
Let h = -12 - -29. What is the tens digit of (0 - -1) + (h - 2)?
1
Let r(n) = n**2 + 18*n + 4. What is the tens digit of r(-19)?
2
Let z(k) = k**2 + 4*k + 2. Let r(y) = 2*y + 6. Let l be r(-5). Let d be z(l). Suppose -3*w - d*w = -65. What is the tens digit of w?
1
Let d = -2 - -7. Suppose d*t = 25 - 0. Let p = 1 + t. What is the units digit of p?
6
Let n(l) = 2*l**3 - 2*l + 1. Let u be n(1). Let h be 1 + -9 - -2*u. Let k = 6 - h. What is the tens digit of k?
1
Suppose -50 = -a + 2. What is the units digit of a?
2
Let o(y) = y**3 + 4*y**2 + 3*y + 8. Let l be o(-7). Let c be (2/4)/((-4)/l). Suppose -4*g + 0*g = 0, 3*g = -5*f + c. What is the units digit of f?
4
Suppose 5*d - 28 + 3 = 0. Let x be -5*(-2)/10*-2. Let f = d + x. What is the units digit of f?
3
Suppose -16 = l + 3*l + 4*t, l + 6 = t. Let o(w) = -w**2 - 11*w + 5. What is the tens digit of o(l)?
3
Let w(l) = l**2 - 6*l + 2. Let y = 7 + -1. What is the units digit of w(y)?
2
What is the hundreds digit of ((-1)/2)/(3/(-6)) - -99?
1
Suppose 4*w + 55 = d, 3*w + 23 + 18 = d. Let h = 23 + w. Suppose i = h - 3. What is the units digit of i?
6
Suppose -3*b - 85 = -0*v - v, v - 89 = 4*b. What is the units digit of v?
3
Suppose 4*j - 3*w = 1 + 9, 5*j - 13 = 4*w. Let q = j - -2. Suppose -g - 3 = -a, -4*g + 27 + 17 = q*a. What is the units digit of a?
8
Suppose h - 2*i - 30 = 0, 54 = 2*h - 6*i + 5*i. What is the tens digit of h?
2
Suppose 2*j + 16 + 2 = 0. Let k be 1/1 + -4 + 1. Let w = k - j. What is the units digit of w?
7
Suppose -8 = 4*w - 20. Suppose 0*d - w*d = -30. What is the units digit of 14/d + (-10)/25?
1
Let w = 1 - -5. What is the units digit of 56 + -2*w/4?
3
Suppose 5*w = 3*l + l - 113, -4*l = 4*w + 76. What is the tens digit of (-91)/w*(-12)/(-2)?
2
Let b(z) = -z - 1. Let c(l) be the first derivative of 3*l**2/2 - 5*l - 4. Let g(j) = 6*b(j) - c(j). What is the units digit of g(-1)?
8
Let a = -3 + 2. Let y(n) = -2*n + 1. Let i be y(a). What is the units digit of 4 + -2 + (2 - i)?
1
Let p = 20 + -11. What is the units digit of p?
9
Let r(d) = -d**3 - 6*d**2 + 7*d + 9. Let n = -2 + -5. What is the units digit of r(n)?
9
Let f = 85 + -54. What is the tens digit of f?
3
Let s(q) = q**2 + 10*q + 5. Let b be 1*2 + (-24)/2. Let p be s(b). What is the tens digit of p/(1/(-2)*-1)?
1
Let j(b) = -b**3 + 8*b**2 - 27. What is the units digit of j(-5)?
8
Let y = 7 - 4. Suppose -3*f + y*g + 27 = 0, 5*f - 18 = -4*g - 0*g. What is the units digit of f?
6
Let a be 2/4*(-1 - -9). Suppose 2*n - a*m = 26 - 8, 0 = 5*n + 4*m - 87. What is the units digit of n?
5
Let t(c) = 11*c - 8. What is the tens digit of t(4)?
3
Let a(n) be the first derivative of -n**4/4 + 5*n**3/3 - 3*n - 6. Let l be ((-6)/(-1) + -2)*1. What is the units digit of a(l)?
3
Let s be (2*-1)/(0 + 1). Suppose -t - u = -6 - 1, -4*u = 5*t - 30. Let q = t - s. What is the units digit of q?
4
Let c(g) = -3*g + 6. Let b(u) = 6*u - 11. Let d(r) = 4*b(r) + 7*c(r). Let n be d(2). Suppose 4*x - 28 = -w, -2*x + w = -3*w + n. What is the units digit of x?
6
Suppose -t = 4*p + p - 259, 3*t = -3*p + 165. What is the tens digit of p?
5
Suppose -21*l = -22*l + 220. What is the hundreds digit of l?
2
Suppose -g + c - 5 = 0, 3*c = 15 - 0. Suppose g*r - 3*w + 6 = r, 4*w = 0. What is the units digit of ((-20)/r)/(8/(-36))?
5
Let z(r) = r**2 + 5*r - 2. Suppose 0 = 2*n + 2*n - 84. Let s be (n/6 - 2)*-4. What is the units digit of z(s)?
4
Let l = -10 + 16. What is the tens digit of (-483)/(-13) - l/39?
3
Let o(z) = -2*z + 1. Let c be o(-1). Suppose -4*b = -s + 6, -c*b = 4*s + 2*b - 45. What is the tens digit of s?
1
Let k = 98 + -34. What is the units digit of k?
4
Suppose -z + 3*k = -4*z + 537, -3*z = -k - 549. What is the units digit of z?
2
Let m(n) be the third derivative of -n**9/3360 + n**8/20160 - n**5/30 + 2*n**2. Let w(h) be the third derivative of m(h). What is the tens digit of w(-1)?
1
Let o = 1 - -3. Let t be (10/(-4))/((-2)/o). Suppose t*f - 45 = 5*b, 5*f - 85 = 2*b - 7*b. What is the units digit of f?
3
Suppose -5*o - 62 = -6*o. What is the tens digit of o?
6
Let c(s) be the first derivative of s**4/4 + 8*s**3/3 + 5*s**2/2 - 8*s + 2. What is the units digit of c(-7)?
6
Let n(j) = -21*j + 9. What is the tens digit of n(-3)?
7
What is the tens digit of 2578/18 + (1 - (-22)/(-18))?
4
Let n(g) = 17*g**2 - 8*g + 27. What is the tens digit of n(3)?
5
Let i be (2*(-6)/(-4))/(-1). Let c(w) = 4*w**2 + w**2 - 1 + 0*w**3 + w**3 + 4*w. What is the units digit of c(i)?
5
Suppose 5*h + 3*i - 18 = -5, -2*h + 2*i = -2. Suppose h*j - 1 - 5 = 0. Suppose -g + 6*g - 3*u = 20, -j*u - 10 = 5*g. What is the units digit of g?
1
Let o = 36 + -26. What is the units digit of o?
0
Suppose 3*d = 6 + 6. Suppose -d*t + 1 = -2*j - 19, 0 = 4*t + 2*j - 20. What is the units digit of t?
5
Let c = -9 + 7. What is the units digit of ((-12)/4 - 5)/c?
4
Let z be (0 + (-9)/(-2))*2. Suppose u - z = -0*u. What is the units digit of (u - (-2)/2)/1?
0
Let r(m) = 5*m**3 - 3*m + 2. Suppose -g + 0 = -2. What is the units digit of r(g)?
6
Let y(a) = -12*a - 4. Let n(b) = -25*b - 8. Let u(v) = 6*n(v) - 13*y(v). What is the tens digit of u(3)?
2
Let k(x) = -x**3 + 9*x**2 + 9*x + 14. Let n be k(10). Suppose n*i - 51 = i. What is the units digit of i?
7
Suppose -506 = -5*b + 84. What is the units digit of b?
8
Let u(h) = h + 1. Let b be u(1). Suppose 2*z = -0*z + b. What is the units digit of (-5 + 3 - z) + 4?
1
Suppose 248 = 3*s - z, -3*z = -4*s + 8*s - 335. Let a = -47 + s. What is the units digit of -1 - a/(6/(-2))?
1
Suppose -1 = -k, h - 12 = -4*k + 9. Suppose 4*r = 5*m, 3*m + 3*r + 7 = -20. Let t = h - m. What is the tens digit of t?
2
Suppose -40 = -4*i + 8. Suppose p - i = -p. What is the units digit of p?
6
Suppose 2*p = -2*p + 4, 4*s - 5*p = 7. What is the units digit of s?
3
Let j = 25 + -18. What is the units digit of j?
7
Suppose 0*g = -5*g + 100. What is the units digit of g?
0
Let g = -64 + 97. What is the tens digit of g?
3
Let k = 137 + -88. What is the units digit of k?
9
Let q be (0 + 1)*10/2. Suppose 16 = q*u - 54. What is the units digit of u?
4
Let k = -10 + 5. Let q = -2 - k. What is the units digit of q?
3
Let i be (0 - -12)*1/3. Let c = 2 - -1. Suppose h - d = i, 16 = c*h + 4*d - 10. What is the units digit of h?
6
Suppose -2*s = 6*y - 4*y + 2, 0 = 3*s - 9. Suppose -4*n + 4 = 2*r - 62, 3*n + r - 50 = 0. Let k = y + n. What is the units digit of k?
3
Let y = -14 - -8. Let o(a) = a**3 + 7*a**2 + 5*a + 5. What is the units digit of o(y)?
1
Let 